of 7 and y.
7
Suppose 42*o + 210 = 40*o. Let l = o + 213. Let j be 1/(39/l + (-3)/12). What is the greatest common divisor of 9 and j?
9
Suppose 2*z - 3 = -13. Let k be ((-168)/30 - -1)*z. What is the greatest common factor of k and 161?
23
Let m(p) = 7*p**2 - 17*p + 46. Let i be m(3). Suppose 68*q = i*q + 960. Calculate the greatest common factor of q and 96.
96
Let q(s) = -146*s - 40. Let y be q(-1). Calculate the greatest common factor of 8374 and y.
106
Let t be 2/6 + 101/3. Let h = 36 - t. Suppose -h*n - 6 = -78. Calculate the greatest common factor of n and 9.
9
Let a be 4/26 + (-81719)/(-247) + -3. Calculate the highest common divisor of 738 and a.
82
Let r(d) = d**3 + 25*d**2 + d + 31. Let b be r(-25). Let z be 1/(2 + (-7)/3). Let u be 1/(1/99) + z. What is the highest common divisor of u and b?
6
Suppose -3*y + 6*z - 5*z = 1721, 5*z = 5*y + 2875. Let c = y - -584. Calculate the greatest common divisor of c and 143.
11
Let a(u) = 884*u**2 + 57*u + 57. Let r be a(-1). What is the greatest common factor of 234 and r?
26
Let g be (6 - 1)/(5 + (5 - 9)). Suppose -436 - 174 = -g*s. Let p be s + 7 + (2 - 1)/(-1). Calculate the highest common factor of p and 16.
16
Suppose u - 5*l + 15 - 48 = 0, 0 = -4*u - 3*l + 247. Let s(b) = 14*b**3 - 239*b**2 + 37*b - 50. Let c be s(17). Calculate the highest common factor of u and c.
58
Suppose -518*m + 711750 = -388*m. Calculate the highest common divisor of 1752 and m.
219
Let o(b) be the first derivative of -16*b**2 - 20*b + 47. Let m be o(-2). What is the greatest common divisor of m and 88?
44
Let u(r) = r**2 - 15*r + 3. Let d be ((-6)/(-10))/(2/(-40)*-2). Let c be u(d). Let x be (c/6 - -3)*-12. What is the greatest common factor of 22 and x?
22
Let u = -26 + 28. Suppose 2*s = -u*s. Suppose -4*b + 14 + 234 = s. Calculate the highest common factor of b and 155.
31
Let b(a) = 77*a**3 - 8*a + 24. Let m be b(2). Calculate the greatest common divisor of 1404 and m.
156
Suppose -d + 76 = -4*g, -g + 0*d - 2*d - 10 = 0. Let k(s) = s**3 + 18*s**2 + 2. Let i be k(g). Calculate the greatest common divisor of 50 and i.
2
Let w(p) = p + 75. Let s be w(-11). Let a = 74 - s. What is the highest common divisor of 25 and a?
5
Let q(r) = 2*r**2 - 365*r + 697. Let g be q(181). Let z = 45 + 32. Calculate the greatest common divisor of z and g.
77
Let l = -340 + 692. Suppose 0 = -10*y + 406 + 244. Suppose -8*a - y + 321 = 0. Calculate the greatest common factor of l and a.
32
Let h = -2815 + 3890. Calculate the highest common divisor of 100 and h.
25
Let m(i) = -i**3 + i**2 + 20. Let s be m(0). Suppose 13*x = 18*x + 1755. Let f = x + 359. Calculate the highest common divisor of s and f.
4
Let x be (-8)/44 - (-1385)/55. Let h = x - 19. What is the highest common divisor of 12 and h?
6
Suppose j - 7*p = -3*j + 54958, -3*p + 13768 = j. What is the greatest common factor of j and 125?
125
Let y = -53941 + 54194. Let k = -11 - -22. What is the greatest common divisor of y and k?
11
Suppose -4*w - 246*m + 242*m = -72, 2*m = 4*w - 90. Suppose 4*x - 5*x = 4*c - 921, 933 = 4*c - 3*x. What is the highest common factor of c and w?
21
Let n(x) = -5*x**3 - 96*x**2 - 26*x - 42. Let b be n(-19). What is the highest common divisor of 26390 and b?
91
Let f be 1/6*3 + (-292)/8. Let b = -29 - f. Suppose -b*k + 244 = -71. What is the greatest common factor of 18 and k?
9
Suppose w + 91 = 96. Suppose 122 = v + 4*m, 250 = 2*v - 3*m + w*m. What is the greatest common factor of v and 28?
14
Suppose -39239 = -15*f + 187636. What is the highest common divisor of 55 and f?
55
Suppose -46*l + 45*l + 2 = 0. Let w = -580 + 586. What is the greatest common factor of w and l?
2
Suppose 2*s - 748 = -s + 2*c, -2*s + 5*c + 484 = 0. Let p = -222 - -180. Let h be (0 + 28)/(p/(-42)). What is the greatest common divisor of s and h?
28
Suppose 13 + 25 = c. Let x(f) = -f + 27. Let r be x(9). Let i = r + 1. What is the highest common divisor of i and c?
19
Let q(w) = 23*w - 195. Let s be q(9). Suppose -4*x = -0*n - 3*n - 1689, 4*x = -5*n + 1665. What is the greatest common divisor of x and s?
12
Suppose 1144 = -246*j + 140*j + 128*j. Calculate the greatest common divisor of 39 and j.
13
Suppose -3*v = -8 - 22. Suppose 562 = 5*l + 107. Let d = -31 + l. What is the greatest common divisor of v and d?
10
Let b(i) be the third derivative of i**4/24 + 3*i**3 + 7*i**2 + 1. Let x be b(12). What is the greatest common factor of 42 and x?
6
Let h = 875 + -21. Let g = h + -329. What is the greatest common factor of 105 and g?
105
Suppose -31 = 4*o - 47. Suppose 0*j - 105 = -o*q + 3*j, 4*j = 20. Suppose -3*l + 285 = -q. Calculate the greatest common factor of l and 21.
21
Let m = -12747 + 12767. Suppose -3*r = 2*r + 3*c - 556, 3*r = 3*c + 324. What is the highest common factor of r and m?
10
Let p(s) = 106*s - 15. Let v be p(-5). Let o = v + 825. Calculate the greatest common divisor of 14 and o.
14
Suppose 55 = 33*l - 151 + 8. What is the highest common factor of 139 and l?
1
Suppose u + 5 = 308. Let q = u - -25. Suppose -3*t - 5*p + q - 81 = 0, -85 = -t + p. Calculate the greatest common factor of t and 56.
28
Let v(t) = 15*t + 133. Let a be v(9). Suppose -18*k = -17*k - a. Calculate the highest common factor of k and 201.
67
Let z(g) = g + 13. Let m be z(-9). Suppose 4*d + 44 = 4*r, 2*r - m*d - 7 = 21. Suppose 21*s = 28*s - 280. What is the greatest common factor of r and s?
8
Suppose 0 = -2*c + 17*c. Suppose c = 22*s - 642 - 150. Calculate the highest common divisor of s and 684.
36
Let n(a) = -2*a**3 - 103*a**2 + 43*a - 428. Let o be n(-52). Calculate the highest common factor of 3320 and o.
40
Let c = -513 + 320. Let s = c - -241. What is the highest common divisor of s and 48?
48
Let b be ((-332)/3)/((-12)/18). Let a be b/7 + 20/70. Suppose 2*l - a - 4 = 0. Calculate the highest common divisor of 14 and l.
14
Let j(x) = -3*x**2 + 69*x - 32. Let l be j(19). What is the greatest common divisor of 126 and l?
14
Let j be (-2)/((-8)/(-21) - (-4)/14). Let d be j - (6 - 10 - 111/1). What is the greatest common factor of d and 28?
28
Let m be 605/10 - 9/2. Calculate the greatest common factor of 287 and m.
7
Suppose -61*j + 71*j - 20 = 0. Let i = 71 + -35. What is the greatest common factor of i and j?
2
Suppose 7*x - 9*x - 3 = t, 0 = -5*t + 3*x - 2. Let g(s) = -55*s - 5. Let y be g(t). Calculate the highest common factor of y and 275.
25
Let f(t) = 2*t**2 + 23*t - 44. Let a be f(-16). Calculate the greatest common factor of 1225 and a.
25
Suppose 5*c + 30 - 100 = -4*i, 4*c + 108 = 5*i. What is the greatest common divisor of 332 and i?
4
Let h(m) = m**2 + 2*m - 23. Let v be h(-12). Suppose -4*k + v = -47. Let w = k + -29. What is the highest common factor of w and 28?
7
Let o(i) = i**3 - 23*i**2 - 23*i - 21. Let s be o(24). Let n(m) = m**3 - m - 5. Let f be n(s). Calculate the greatest common factor of 76 and f.
19
Let u(y) = -2*y - 11 + y + 15 + 35. Let f be u(11). What is the greatest common factor of 49 and f?
7
Suppose 940 = 146*o - 3732. What is the highest common divisor of 352 and o?
32
Suppose 0 = -4*p + 9 + 7. Let z = 293 - 278. Suppose 0 = -z*y + p*y + 3267. Calculate the greatest common factor of y and 27.
27
Let h be 263146/50 - 526/(-6575). Calculate the greatest common factor of 209 and h.
19
Let x be (11 - (-33714)/27) + -10 - (-15)/(-9). What is the highest common factor of 1300 and x?
52
Suppose 126*i - 155346 = -48*i + 131754. Let l = 64 + 11. What is the highest common divisor of l and i?
75
Suppose 51*b - 6300 = 33*b. What is the greatest common divisor of 80 and b?
10
Suppose -5*y + 5*j - 6 + 81 = 0, 2*y + 2*j - 42 = 0. Let u be (-6)/9 - 1977/(-9). Suppose u + 321 = 20*a. Calculate the highest common divisor of y and a.
9
Let c = 165 + -160. Suppose 3*f = -c*r - 0*r + 44, f - 22 = 2*r. Calculate the greatest common divisor of 18 and f.
18
Suppose -q = -5, -5*i + 2*q = 1205 + 195. Let y be (-7)/21*(i + 2). Calculate the highest common divisor of y and 4.
4
Let i = -2 - -26. Let s = 8 + i. Let k be 4851/462*384/14. Calculate the greatest common divisor of s and k.
32
Suppose 2*r + 54 = n, 6*r = n + 10*r - 78. What is the highest common divisor of 7750 and n?
62
Suppose -30 + 315 = -3*m. Let k = m - -356. What is the highest common factor of k and 29?